t common divisor of 1246 and k.
14
Let y be 46*10/(-3)*(-30)/25. Let q = y - 74. Calculate the highest common factor of q and 10.
10
Let u(j) = 4*j**2 + 5*j**2 + 0 + 2 + j + 3*j**2. Let t be u(-1). Let w = 304 - 213. Calculate the highest common factor of w and t.
13
Suppose 0 = 3*a + 1 - 10, 3*c = -5*a + 69. Let q = 13 - 11. What is the highest common factor of q and c?
2
Let d(j) = j**3 - 10*j**2 + 3*j - 25. Let f be d(10). Suppose -7 + 29 = r - 2*n, 5*r + f*n = 35. Calculate the greatest common divisor of r and 96.
12
Let r be 7/2 + (-48)/32 + 6. Suppose g + 3*g = 256. Calculate the highest common divisor of g and r.
8
Let p(x) = -x**2 - 9*x + 14. Let w(i) = 10*i**3 - i**2 + 1. Let f be w(-1). Let r be p(f). What is the greatest common factor of r and 16?
4
Let j be 0/(-1) - (40 + -54). Calculate the greatest common divisor of 14 and j.
14
Suppose -2197 = -8*w + 203. What is the greatest common factor of 325 and w?
25
Let t be (-4)/(-6) + 64/3. Let c be -4 - 8/((-32)/588). Let l = c + 99. What is the highest common divisor of l and t?
22
Let d(a) = -2*a**2 + 3*a - 1. Let o be d(6). Let k = 97 + o. Calculate the highest common divisor of 6 and k.
6
Let w = 147 - 103. Suppose -280 = -4*a + 4*p, -9*p = 5*a - 4*p - 310. Calculate the greatest common divisor of a and w.
22
Let f(y) = -y. Let w be (0 - 1 - -8) + -3. Let b(o) = 13*o - 1. Let t(g) = w*f(g) - b(g). Let x be t(-1). What is the highest common divisor of 27 and x?
9
Let c = 36 + -26. Suppose -2*z = 2 - c. Suppose z*j + 0*j - 396 = 0. What is the highest common divisor of j and 9?
9
Let k be 4 - (-520)/25 - 1/(-5). Suppose 0 = -0*f - 2*f + 20. Suppose v + f = k. What is the greatest common factor of 75 and v?
15
Suppose -143*z + 18480 = -135*z. Calculate the greatest common divisor of 110 and z.
110
Let u(i) = 41*i**2 - 9*i + 12. Let j be u(-4). Calculate the highest common divisor of j and 11.
11
Let k(y) = -6*y - 1 + 18*y + 40*y. Let g be k(4). What is the greatest common factor of g and 23?
23
Let w(h) = 10*h + 20. Let v be w(11). Suppose -2*o = -3*r + v, -2*r + 5*o - 7 = -112. Calculate the greatest common factor of 100 and r.
20
Suppose 0 = -5*x + 40 - 15. Let u(m) = m**3 - 3*m**2 - m + 2. Let c be u(x). Let t = c + -23. Calculate the highest common factor of t and 120.
24
Let s = 19 - 31. Let u be (-8)/s*3 - -56. Let r = u + -20. Calculate the greatest common factor of 95 and r.
19
Let h = 4 - 2. Suppose 18 + 70 = 30*m - 92. Calculate the greatest common divisor of m and h.
2
Suppose -60*j - 4*j = -129600. What is the greatest common factor of j and 50?
25
Let q(y) = y**3 + 7*y**2 + 4*y - 6. Let v be q(-6). Let z be (v/5)/(6/315). What is the highest common divisor of z and 42?
21
Let s be 32/(-24) + (-10)/15 + 458. Calculate the greatest common divisor of s and 57.
57
Let f = -153 - -170. Let w(m) = m**3 + 9*m**2 + 4*m + 5. Let c be 4/6*-3 + -3. Let z be w(c). Calculate the greatest common factor of z and f.
17
Suppose 105 = -9*n + 834. Calculate the highest common factor of n and 189.
27
Suppose 4 = 5*h - 11. Let f = 2 + 2. Suppose -4*a - 5 = -h*d, 2 = f*d - 2*d - 4*a. Calculate the highest common factor of d and 1.
1
Suppose 8*x - 7*x = 72. Let w(g) = g + 3. Let h be w(6). Calculate the highest common divisor of x and h.
9
Let d be (-3)/((-16)/24*1/6). Suppose 5 = -a - w + 8, -5*a + d = w. What is the highest common factor of a and 2?
2
Suppose 68 + 607 = 9*t. What is the greatest common factor of t and 15?
15
Let m = 31 - 29. Let w be (108/(-45))/(m - (-11)/(-5)). What is the highest common factor of w and 192?
12
Suppose 5*p - 5*j - 35 = 0, 0 = 4*j - 4. Let i(h) = h**2 + 4*h + 11. Let c be i(-5). Calculate the highest common divisor of p and c.
8
Let n be ((-12)/(-5))/(3/(-10)). Let t be 3/(-6)*n + 4. Suppose 7*h - 3*h = 224. Calculate the highest common factor of h and t.
8
Suppose -2*y = 2*r + 3*r + 104, 4*y + 5*r = -198. Let f = y - -51. Calculate the greatest common divisor of 92 and f.
4
Suppose 5*c - 53 = 82. Suppose 5*m - 47 = -c. Calculate the highest common factor of 36 and m.
4
Let l = 33 - -12. Let q = -9 + l. What is the highest common factor of 9 and q?
9
Suppose -2*h - 89 = 2*f - 1073, 4*f - 2*h = 1986. Calculate the highest common divisor of f and 110.
55
Suppose 2*l = 5*s - 483, 5*l + 19 = 2*s - 191. Calculate the highest common factor of 5 and s.
5
Suppose -6*m = -m - 25. Suppose -5*x - 5*j - 141 = -7*x, 3*j = m*x - 324. What is the greatest common factor of 9 and x?
9
Suppose -5*v = -b - 57 - 275, 5*v + b - 328 = 0. What is the greatest common factor of 2442 and v?
66
Let g be (-5*(-5)/75)/(9/9639). Calculate the highest common factor of 84 and g.
21
Let h = 51 + -50. Let a be 9/(-15)*h*-15. Calculate the highest common divisor of a and 99.
9
Suppose 3*n - 32 = 4*q, -64 = -n - 2*n - 4*q. Let o = -2 - -5. Let s = o + 1. Calculate the highest common divisor of s and n.
4
Suppose -3*c - 1 + 22 = 0. Let g(p) = -p**3 + 8*p**2 - 6*p + 9. Let x be g(c). What is the greatest common factor of x and 12?
4
Suppose 6*f = p + 3*f - 5, p + 2 = -4*f. Suppose -25 - 5 = -3*m. Calculate the greatest common divisor of m and p.
2
Let q be 26/4 + 5/(-10). Let m be -96*(-5)/10*4/q. What is the highest common divisor of 4 and m?
4
Let n be (65 + -2)/(-12 - -13). Calculate the greatest common divisor of n and 84.
21
Suppose f - 46 = -4*v + 2*f, 0 = -3*v + f + 34. Suppose 2*l + 3*l = 15. Suppose 8*a + l = 9*a. Calculate the greatest common divisor of a and v.
3
Suppose -3*c - 8 = 2*r - 40, -c + 4*r - 8 = 0. Suppose 2*k - 42 = -4*j, 2*k - 90 = -3*k - 5*j. Let x = 27 - k. Calculate the highest common divisor of c and x.
4
Let x be 7/4*(-18 + 186). What is the greatest common factor of 28 and x?
14
Suppose -4*v + 16 = -64. Let x = 121 - -11. Let y = x + 8. What is the highest common factor of v and y?
20
Let h be (5 - 7) + -3*3. Let i = 13 + h. Suppose 4*s - 4*d = -s + 337, -s + 71 = -i*d. What is the greatest common divisor of s and 26?
13
Suppose -2 = -x, -4*k + x = -3*x - 16. Let l = 12 - k. Suppose 88 = 14*u - l*u. Calculate the greatest common divisor of 99 and u.
11
Let k = -4 - -7. Let x be 80/(((-9)/(-3))/k). Let u = -45 - -77. What is the greatest common factor of x and u?
16
Suppose -2*y = 5*s + 83, 0*y + 2*y = 5*s - 93. Let h = -171 + 77. Let q = y - h. Calculate the greatest common factor of q and 75.
25
Let p be (1 - 1)*9/18. Suppose 2*q - 10 = -p*q. What is the highest common divisor of 55 and q?
5
Suppose 8 = -3*i + 26. Let k(f) = 5*f**2 + 7*f + 4. Let v(l) = -l - 1. Let t(w) = i*v(w) + k(w). Let d be t(-2). What is the highest common divisor of 16 and d?
16
Let r(q) = 7*q**3 - q**2 + 6*q - 9. Let u be r(3). Calculate the highest common divisor of 27 and u.
27
Suppose 48 = -3*m + m. Let h = -19 - m. What is the highest common divisor of h and 45?
5
Suppose -955 + 3205 = 15*f. What is the greatest common divisor of f and 120?
30
Suppose -5*k - k = 708. Let a = 143 + k. Calculate the greatest common factor of a and 20.
5
Let d be 2/1*(-45)/(-10). Suppose -2*z + 0*a + 76 = -a, -a - 4 = 0. What is the greatest common divisor of d and z?
9
Let j be ((-6)/12)/((-1)/(-6)). Let p be 4/6*12 - j. Let t be 0 - (-13 + (-6)/(-3)). Calculate the greatest common factor of t and p.
11
Let z(p) = -11*p**2 - 13*p + 8. Let y(l) = 5*l**2 + 6*l - 4. Let x(w) = -13*y(w) - 6*z(w). Let s be x(6). Calculate the highest common divisor of s and 40.
40
Suppose -l + 4*l - 5*t - 233 = 0, 3*t + 71 = l. Suppose 4*n + l = 246. Suppose -3*i - 2*i = -n. What is the highest common factor of i and 64?
8
Let h = 41 + -26. Let d be 746/10 - (-6)/h. Suppose 4*s + 46 = t, 5*t - 166 = -2*s + 6*s. Calculate the highest common factor of d and t.
15
Let o(g) = 3*g**2 + 48. Let p be o(24). What is the greatest common divisor of p and 48?
48
Let y be (27/(-4))/(3 - 198/64). What is the greatest common factor of y and 234?
18
Suppose -4*l = -2*b - 238, 4*b + 250 = 4*l + 22. Let f = l + -43. Suppose -2*v = 3 - f. What is the greatest common divisor of 16 and v?
8
Let s be 8*5*(-1)/(1 + -6). What is the highest common factor of 104 and s?
8
Suppose 19 = 4*s - 245. Calculate the greatest common factor of 363 and s.
33
Let a be 1*(-19 + (4 - -1))*-1. What is the greatest common factor of 1106 and a?
14
Let i(j) = -2 